{"batchcomplete":"","continue":{"lecontinue":"20260314212405|2548","continue":"-||"},"query":{"logevents":[{"logid":2558,"ns":6,"title":"Datei:Flagge Harnars (aktuell).svg","pageid":1380,"logpage":1380,"params":{},"type":"create","action":"create","user":"Tehnika","timestamp":"2026-03-14T22:56:54Z","comment":""},{"logid":2557,"ns":6,"title":"Datei:Flagge Harnars (aktuell).svg","pageid":1380,"logpage":1380,"params":{"img_sha1":"8w5bemll30ofas48q6vpzfrd3o05bza","img_timestamp":"2026-03-14T22:56:54Z"},"type":"upload","action":"upload","user":"Tehnika","timestamp":"2026-03-14T22:56:54Z","comment":""},{"logid":2556,"ns":6,"title":"Datei:Foto der Flagge Harnars.png","pageid":0,"logpage":1371,"params":{},"type":"delete","action":"delete","user":"Tehnika","timestamp":"2026-03-14T22:55:10Z","comment":"Duplikat"},{"logid":2555,"ns":14,"title":"Kategorie:Staat","pageid":1379,"logpage":1379,"params":{},"type":"create","action":"create","user":"Tehnika","timestamp":"2026-03-14T22:15:13Z","comment":"Die Seite wurde neu angelegt: \u201e[[Kategorie:Ort]]\u201c"},{"logid":2554,"ns":0,"title":"Terekistan","pageid":1378,"logpage":1378,"params":{},"type":"create","action":"create","user":"Tehnika","timestamp":"2026-03-14T22:13:14Z","comment":"Die Seite wurde neu angelegt: \u201e'''Terekistan''' ist eine im September 2024 gegr\u00fcndete [[Konf\u00f6deration]] der drei Staaten [[Aztheran]], [[Ptschtanichastan]] und [[Drull]]. Der Staatenbund entstand aus dem politischen Willen der drei L\u00e4nder, ihre wirtschaftliche Zusammenarbeit zu vertiefen und gemeinsame sicherheitspolitische Strukturen aufzubauen.  Der Name des Staates leitet sich vom [[Terek-Gebirge]] ab, das sich \u00fcber weite Teile der Region erstreckt und alle drei Mitgliedsstaaten\u2026\u201c"},{"logid":2553,"ns":0,"title":"Flagge Freisteins","pageid":1377,"logpage":1377,"params":{},"type":"create","action":"create","user":"Tehnika","timestamp":"2026-03-14T21:58:04Z","comment":"Die Seite wurde neu angelegt: \u201e[[Datei:Flagge Freisteins.svg|alternativtext=Flagge Freisteins|mini|Flagge Freisteins]]Die '''Flagge Freisteins''' zeigt ein k\u00f6nigsblaues Flaggentuch mit einem wei\u00dfen skandinavischen Kreuz. Im Schnittpunkt der Kreuzarme ist ein aufgelegtes Wappen zentriert, dessen H\u00f6he die H\u00e4lfte der Flaggenh\u00f6he betr\u00e4gt. Dieses zeigt in einem goldgelben Schild einen schwarzen zweik\u00f6pfigen Adler mit ausgebreiteten Schwingen. Der Adler tr\u00e4gt eine rote Zunge. Datei\u2026\u201c"},{"logid":2552,"ns":0,"title":"Flagge der Jedinstvo","pageid":1376,"logpage":1376,"params":{},"type":"create","action":"create","user":"Tehnika","timestamp":"2026-03-14T21:53:13Z","comment":"Die Seite wurde neu angelegt: \u201e[[Datei:Flagge Jedinstvo.svg|alternativtext=Flagge der Jedinstvo|mini|Flagge der Jedinstvo]] Die '''Flagge der [[Jedinstvo]]''' zeigt ein rotes Tuch im Seitenverh\u00e4ltnis 2:3. Im linken oberen Eck sind in Wei\u00df Hammer, Zahnrad und Stern abgebildet, deren Gesamth\u00f6he ein Drittel der Flaggenh\u00f6he ausmacht.  ==Farben== [[Datei:Foto der Jedinstvo-Flagge.png|alternativtext=Foto der Jedinstvo-Flagge|mini|Foto der Jedinstvo-Flagge]] Die folgende Tabelle zeigt die\u2026\u201c"},{"logid":2551,"ns":6,"title":"Datei:Foto der Jedinstvo-Flagge.png","pageid":1375,"logpage":1375,"params":{},"type":"create","action":"create","user":"Tehnika","timestamp":"2026-03-14T21:52:55Z","comment":""},{"logid":2550,"ns":6,"title":"Datei:Foto der Jedinstvo-Flagge.png","pageid":1375,"logpage":1375,"params":{"img_sha1":"97j4ujt2nwc7oq44821owa5depr62td","img_timestamp":"2026-03-14T21:52:54Z"},"type":"upload","action":"upload","user":"Tehnika","timestamp":"2026-03-14T21:52:54Z","comment":""},{"logid":2549,"ns":0,"title":"Targa","pageid":1374,"logpage":1374,"params":{},"type":"create","action":"create","user":"Tehnika","timestamp":"2026-03-14T21:42:35Z","comment":"Die Seite wurde neu angelegt: \u201e[[Kategorie:Targa]] [[Kategorie:Staat]]  {| class=\"infobox\" |- ! colspan=\"2\" | <p>K\u00f6nigreich Targa</p><p>Al Mamlaka Al Targa</p> |- | style=\"text-align:center;\" | [[Datei:Flagge Targas.svg|150x150px]] | style=\"text-align:center;\" | [[Datei:Wappen Targas.svg|100x100px]] |- | style=\"text-align:center;\" | [[Flagge Targas|<small>Flagge Targas</small>]] | style=\"text-align:center; font-size: smaller;\" | [[Wappen Targas|Wappen Targas]] |- | style=\"text-align:c\u2026\u201c"}]}}

Die Seite wurde neu angelegt: „'''Terekistan''' ist eine im September 2024 gegründete [[Konföderation]] der drei Staaten [[Aztheran]], [[Ptschtanichastan]] und [[Drull]]. Der Staatenbund entstand aus dem politischen Willen der drei Länder, ihre wirtschaftliche Zusammenarbeit zu vertiefen und gemeinsame sicherheitspolitische Strukturen aufzubauen.  Der Name des Staates leitet sich vom [[Terek-Gebirge]] ab, das sich über weite Teile der Region erstreckt und alle drei Mitgliedsstaaten…“

Die Seite wurde neu angelegt: „[[Datei:Flagge Freisteins.svg|alternativtext=Flagge Freisteins|mini|Flagge Freisteins]]Die '''Flagge Freisteins''' zeigt ein königsblaues Flaggentuch mit einem weißen skandinavischen Kreuz. Im Schnittpunkt der Kreuzarme ist ein aufgelegtes Wappen zentriert, dessen Höhe die Hälfte der Flaggenhöhe beträgt. Dieses zeigt in einem goldgelben Schild einen schwarzen zweiköpfigen Adler mit ausgebreiteten Schwingen. Der Adler trägt eine rote Zunge. Datei…“

Die Seite wurde neu angelegt: „[[Datei:Flagge Jedinstvo.svg|alternativtext=Flagge der Jedinstvo|mini|Flagge der Jedinstvo]] Die '''Flagge der [[Jedinstvo]]''' zeigt ein rotes Tuch im Seitenverhältnis 2:3. Im linken oberen Eck sind in Weiß Hammer, Zahnrad und Stern abgebildet, deren Gesamthöhe ein Drittel der Flaggenhöhe ausmacht.  ==Farben== [[Datei:Foto der Jedinstvo-Flagge.png|alternativtext=Foto der Jedinstvo-Flagge|mini|Foto der Jedinstvo-Flagge]] Die folgende Tabelle zeigt die…“

Die Seite wurde neu angelegt: „[[Kategorie:Targa]] [[Kategorie:Staat]]  {| class="infobox" |- ! colspan="2" | <p>Königreich Targa</p><p>Al Mamlaka Al Targa</p> |- | style="text-align:center;" | [[Datei:Flagge Targas.svg|150x150px]] | style="text-align:center;" | [[Datei:Wappen Targas.svg|100x100px]] |- | style="text-align:center;" | [[Flagge Targas|<small>Flagge Targas</small>]] | style="text-align:center; font-size: smaller;" | [[Wappen Targas|Wappen Targas]] |- | style="text-align:c…“
